Is 595769 a prime number?
False
Is 11182471 prime?
True
Is 209584039 prime?
False
Is 1591006 a prime number?
False
Is 9371737 a composite number?
True
Is 261753 prime?
False
Is 848603 composite?
True
Is 2120143 a prime number?
True
Is 4205641 a composite number?
True
Is 15312413 composite?
True
Is 7757363 prime?
True
Is 295973 prime?
True
Is 933739 a composite number?
False
Is 2076532487 a composite number?
False
Is 4771 a prime number?
False
Is 1111161 a prime number?
False
Is 4729261 a prime number?
True
Is 16259587 a prime number?
True
Is 103332701 prime?
True
Is 32184223 prime?
True
Is 12656863 a composite number?
True
Is 45566057 prime?
False
Is 3226043 a composite number?
False
Is 356922629 a composite number?
True
Is 24737299 composite?
False
Is 177551131 a composite number?
False
Is 1547383 prime?
True
Is 7924831 a prime number?
False
Is 4961155 composite?
True
Is 342355555 a prime number?
False
Is 71058133 prime?
True
Is 14113103 a composite number?
False
Is 76129489 a prime number?
True
Is 7228041 prime?
False
Is 1591883 a composite number?
False
Is 31667611 a composite number?
False
Is 33141827 a composite number?
True
Is 155392249 a prime number?
False
Is 277698845 composite?
True
Is 89205887 composite?
True
Is 374399303 prime?
False
Is 2474837 a composite number?
False
Is 317757091 a prime number?
True
Is 1069784195 composite?
True
Is 72839245 a composite number?
True
Is 83313217 a prime number?
False
Is 88289 prime?
True
Is 2326657 prime?
False
Is 24187391 composite?
False
Is 13482641 prime?
True
Is 17584687 composite?
False
Is 182019517 prime?
True
Is 14860577 prime?
True
Is 45182393 a composite number?
True
Is 405581927 prime?
True
Is 906388783 a composite number?
False
Is 40261147 a prime number?
False
Is 2905549 composite?
False
Is 5392535 prime?
False
Is 742261 a prime number?
False
Is 20900149 a prime number?
True
Is 82840939 prime?
False
Is 71913031 a prime number?
True
Is 12867187 a prime number?
True
Is 451859 a prime number?
True
Is 6420133 prime?
False
Is 36597199 a prime number?
False
Is 3890201 a composite number?
True
Is 267989369 composite?
True
Is 135442477 a prime number?
True
Is 14177 a prime number?
True
Is 1591541 composite?
True
Is 48222431 composite?
False
Is 37134377 composite?
True
Is 21221342 a composite number?
True
Is 27018977 a prime number?
False
Is 103217 composite?
False
Is 256938967 a composite number?
True
Is 252559 a composite number?
False
Is 123055 a composite number?
True
Is 43427029 composite?
False
Is 299339 prime?
False
Is 36690922 prime?
False
Is 29149691 a composite number?
True
Is 382441 a prime number?
False
Is 9675257 prime?
True
Is 5479466 composite?
True
Is 2491323 a prime number?
False
Is 29430809 composite?
False
Is 287747 a prime number?
True
Is 2518739 composite?
True
Is 10095287 prime?
True
Is 2332381 composite?
False
Is 139870943 a prime number?
False
Is 3273593 prime?
True
Is 4641379 a prime number?
True
Is 51635519 prime?
False
Is 2145437 composite?
True
Is 30915103 composite?
True
Is 2408027 prime?
False
Is 32210761 prime?
False
Is 109935229 prime?
True
Is 25519063 a prime number?
True
Is 31896121 prime?
True
Is 18012881 a prime number?
True
Is 377214969 composite?
True
Is 65640027 a prime number?
False
Is 1914947 prime?
True
Is 61351357 composite?
False
Is 1023719 a prime number?
True
Is 174593993 prime?
False
Is 2548142 a composite number?
True
Is 689083 prime?
False
Is 2051818 composite?
True
Is 33384077 prime?
False
Is 8368099 composite?
True
Is 3931517 composite?
False
Is 6195719 composite?
True
Is 18038399 a composite number?
True
Is 37948259 composite?
False
Is 549968605 prime?
False
Is 85290041 composite?
False
Is 27198407 a prime number?
True
Is 3002165 a prime number?
False
Is 469597033 a composite number?
False
Is 446231 prime?
True
Is 7906229 a prime number?
True
Is 358724567 prime?
True
Is 4665019 a prime number?
True
Is 21327638 a composite number?
True
Is 95080159 a composite number?
True
Is 32964655 a prime number?
False
Is 373133903 a composite number?
False
Is 6643235 composite?
True
Is 198996983 a composite number?
False
Is 155219311 a prime number?
False
Is 1717687 prime?
True
Is 8625997 composite?
False
Is 2356127 composite?
False
Is 4173761 prime?
True
Is 62643299 a composite number?
False
Is 83833 composite?
False
Is 10309709 composite?
False
Is 4726919 a prime number?
True
Is 6032617 a composite number?
True
Is 2838697 a composite number?
False
Is 3544727 a prime number?
True
Is 94055285 composite?
True
Is 6923933 a prime number?
False
Is 378971 a prime number?
False
Is 14641139 prime?
True
Is 2494489 a prime number?
True
Is 187636859 prime?
True
Is 46125811 prime?
False
Is 6444499 composite?
True
Is 1396817 a prime number?
True
Is 489044893 a prime number?
False
Is 36872569 composite?
False
Is 77049733 prime?
True
Is 202613 a prime number?
True
Is 144211029 composite?
True
Is 45152677 composite?
True
Is 15466271 composite?
False
Is 504736297 a composite number?
True
Is 3221419 composite?
False
Is 50602649 prime?
True
Is 4670291 composite?
True
Is 2416061 composite?
False
Is 5429089 composite?
True
Is 218663 composite?
True
Is 1147200737 a composite number?
False
Is 16675453 composite?
True
Is 454697 a composite number?
True
Is 3924497 a composite number?
False
Is 24368987 prime?
False
Is 20488093 prime?
True
Is 31357837 composite?
True
Is 3409319 composite?
True
Is 5373119 a composite number?
False
Is 16532311 prime?
True
Is 5048357 composite?
True
Is 5049313 a prime number?
True
Is 50574109 composite?
False
Is 212354971 a composite number?
False
Is 2501663 a composite number?
True
Is 366953 prime?
True
Is 6102631 a prime number?
True
Is 390917 a prime number?
False
Is 82864226 prime?
False
Is 7274699 a prime number?
True
Is 10405573 prime?
False
Is 7202219 a prime number?
True
Is 4121801 a prime number?
False
Is 13049749 a prime number?
True
Is 6246847 a composite number?
True
Is 49392269 prime?
False
Is 4539641 a composite number?
True
Is 55037641 prime?
False
Is 248264221 composite?
False
Is 6704198 prime?
False
Is 15020483 a prime number?
False
Is 66274021 composite?
True
Is 261115 a composite number?
True
Is 6960739 prime?
True
Is 4930693 prime?
True
Is 5790671 a prime number?
False
Is 184669 a composite number?
False
Is 3238537 a composite number?
False
Is 4318291 a composite number?
True
Is 2084419 a composite number?
False
Is 6009107 prime?
False
Is 5386307 a composite number?
False
Is 187553629 prime?
False
Is 96636847 composite?
True
Is 1263487 a prime number?
True
Is 6858823 a composite number?
False
Is 215901106 prime?
False
Is 250073 composite?
False
Is 33568883 prime?
True
Is 276436789 prime?
True
Is 2250991 a prime number?
False
Is 20422543 a prime number?
False
Is 2411351 prime?
True
Is 145761947 composite?
True
Is 70500993 composite?
True
Is 133737281 prime?
True
Is 58362397 composite?
False
Is 11542163 composite?
True
Is 155135269 a prime number?
False
Is 33001513 a prime number?
True
Is 82712017 a prime number?
True
Is 57927643 composite?
False
Is 1258727 composite?
True
Is 10922291 a composite number?
False
Is 184036709 prime?
False
Is 171404113 composite?
False
Is 106232171 prime?
False
Is 9103871 composite?
True
Is 481363 a prime number?
True
Is 2209399 a prime number?
False
Is 205258837 a prime number?
False
Is 1556707 prime?
False
Is 2929451 a composite number?
True
Is 1472017 a composite number?
False
Is 30682243 prime?
True
Is 3753487 a prime number?
True
Is 38969365 prime?
False
Is 5080529 prime?
True
Is 6447409 prime?
False
Is 14295773 prime?
False
Is 7090691 composite?
False
Is 63337803 a composite number?
True
Is 244985047 prime?
True
Is 493363 a prime number?
False
Is 56904557 prime?
False
Is 1098017 prime?
True
Is 4674967 a composite number?
True
Is 463316857 a prime number?
True
Is 3326249 a prime number?
True
Is 14512759 a prime number?
False
Is 8035517 a composite number?
True
Is 86110709 a composite number?
True
Is 246579557 prime?
False
Is 17342137 composite?
False
Is 373942493 a prime number?
True
Is 9075259 composite?
False
Is 45186913 a prime number?
True
Is 7662307 prime?
True
Is 152277623 a composite number?
True
Is 49902959 composite?
False
Is 38558711 a composite number?
True
Is 99176869 prime?
False
I